{"id":17631,"date":"2018-10-17T14:58:00","date_gmt":"2018-10-17T12:58:00","guid":{"rendered":"http:\/\/s505328592.onlinehome.fr\/?post_type=product&#038;p=17631"},"modified":"2020-08-03T14:38:25","modified_gmt":"2020-08-03T12:38:25","slug":"afficheur-client-2","status":"publish","type":"product","link":"https:\/\/www.arcsolu.com\/index.php\/product\/afficheur-client-2\/","title":{"rendered":"Afficheur Client ."},"content":{"rendered":"<p>Afficheur client Citizen, livr\u00e9 complet avec alimentation, rallonge pour mat, c\u00e2ble de connexion s\u00e9rie.<\/p>\n","protected":false},"excerpt":{"rendered":"<p>Afficheur client Citizen, livr\u00e9 complet avec &#8230;<\/p>\n","protected":false},"featured_media":17961,"comment_status":"open","ping_status":"closed","template":"","meta":[],"_links":{"self":[{"href":"https:\/\/www.arcsolu.com\/index.php\/wp-json\/wp\/v2\/product\/17631"}],"collection":[{"href":"https:\/\/www.arcsolu.com\/index.php\/wp-json\/wp\/v2\/product"}],"about":[{"href":"https:\/\/www.arcsolu.com\/index.php\/wp-json\/wp\/v2\/types\/product"}],"replies":[{"embeddable":true,"href":"https:\/\/www.arcsolu.com\/index.php\/wp-json\/wp\/v2\/comments?post=17631"}],"wp:featuredmedia":[{"embeddable":true,"href":"https:\/\/www.arcsolu.com\/index.php\/wp-json\/wp\/v2\/media\/17961"}],"wp:attachment":[{"href":"https:\/\/www.arcsolu.com\/index.php\/wp-json\/wp\/v2\/media?parent=17631"}],"curies":[{"name":"wp","href":"https:\/\/api.w.org\/{rel}","templated":true}]}}