{"id":17599,"date":"2018-10-17T14:23:01","date_gmt":"2018-10-17T12:23:01","guid":{"rendered":"http:\/\/s505328592.onlinehome.fr\/?post_type=product&#038;p=17599"},"modified":"2018-12-07T12:04:24","modified_gmt":"2018-12-07T11:04:24","slug":"afficheur-client","status":"publish","type":"product","link":"https:\/\/www.arcsolu.com\/index.php\/product\/afficheur-client\/","title":{"rendered":"Afficheur Client"},"content":{"rendered":"<p>Afficheur client Citizen, livr\u00e9 complet avec alimentation, rallonge pour mat, c\u00e2ble de connexion s\u00e9rie.<\/p>\n<p>&nbsp;<\/p>\n<ul>\n<li>Couleur d&#8217;affichage : Bleu-Vert<\/li>\n<li>Nombre de lignes\uff1a2 lignes de 20 caract\u00e8res<\/li>\n<li>Rallonge pour le mat\uff1a2 rallonges<\/li>\n<li>Dimensions\uff1a230 x 100 x 42<\/li>\n<li>Type de connexion\u00a0\uff1aRS232 (Chainage possible avec imprimante ticket)<\/li>\n<li>Garantie\uff1a1 an<\/li>\n<li>Accessoires inclus\uff1aC\u00e2ble de connexion RS232 &#8211; C\u00e2ble de liaison<\/li>\n<\/ul>\n","protected":false},"excerpt":{"rendered":"<ul>\n<li>Couleur d&#8217;affichage : Bleu-Vert<\/li>\n<li>Nombre de lignes\uff1a2 lignes de 20 caract\u00e8res<\/li>\n<li>Rallonge pour le mat\uff1a2 rallonges<\/li>\n<li>Dimensions\uff1a230 x 100 x 42<\/li>\n<li>Type de connexion\u00a0\uff1aRS232 (Chainage possible avec imprimante ticket)<\/li>\n<li>Garantie\uff1a1 an<\/li>\n<li>Accessoires inclus\uff1aC\u00e2ble de connexion RS232 &#8211; C\u00e2ble de liaison<\/li>\n<\/ul>\n","protected":false},"featured_media":17600,"comment_status":"open","ping_status":"closed","template":"","meta":[],"_links":{"self":[{"href":"https:\/\/www.arcsolu.com\/index.php\/wp-json\/wp\/v2\/product\/17599"}],"collection":[{"href":"https:\/\/www.arcsolu.com\/index.php\/wp-json\/wp\/v2\/product"}],"about":[{"href":"https:\/\/www.arcsolu.com\/index.php\/wp-json\/wp\/v2\/types\/product"}],"replies":[{"embeddable":true,"href":"https:\/\/www.arcsolu.com\/index.php\/wp-json\/wp\/v2\/comments?post=17599"}],"wp:featuredmedia":[{"embeddable":true,"href":"https:\/\/www.arcsolu.com\/index.php\/wp-json\/wp\/v2\/media\/17600"}],"wp:attachment":[{"href":"https:\/\/www.arcsolu.com\/index.php\/wp-json\/wp\/v2\/media?parent=17599"}],"curies":[{"name":"wp","href":"https:\/\/api.w.org\/{rel}","templated":true}]}}