{"id":16803,"date":"2018-09-18T08:02:42","date_gmt":"2018-09-18T06:02:42","guid":{"rendered":"http:\/\/s505328592.onlinehome.fr\/?post_type=product&#038;p=16803"},"modified":"2018-12-07T12:07:12","modified_gmt":"2018-12-07T11:07:12","slug":"ventap-v-1-2","status":"publish","type":"product","link":"https:\/\/www.arcsolu.com\/index.php\/product\/ventap-v-1-2\/","title":{"rendered":"ArcERP"},"content":{"rendered":"<p style=\"text-align: left\"><b>Le logiciel ArcERP<\/b><\/p>\n<ul style=\"text-align: left\">\n<li style=\"font-weight: 400\"><span style=\"font-weight: 400\">Notre logiciel comprends les fonctions\u00a0r\u00e9glement multipaiement, remise, facture, mise en attente, gestion personnel, statistique (jours, mois), stock &#8230;<\/span><span style=\"font-weight: 400\">\u00a0<\/span><\/li>\n<li style=\"font-weight: 400\"><span style=\"font-weight: 400\">En option peuvent \u00eatre int\u00e9grer les cartes de fid\u00e9lit\u00e9, code barre, r\u00e9seaux avec gestion multicaisse et gestion multimagasin&#8230;<\/span><\/li>\n<li style=\"font-weight: 400\"><span style=\"font-weight: 400\">Un logiciel avec une vrai gestion professionnel complet<\/span><\/li>\n<\/ul>\n<p style=\"text-align: left\">\n","protected":false},"excerpt":{"rendered":"<p>Le logiciel ArcERP Notre logiciel comprends l&#8230;<\/p>\n","protected":false},"featured_media":16997,"comment_status":"open","ping_status":"closed","template":"","meta":[],"_links":{"self":[{"href":"https:\/\/www.arcsolu.com\/index.php\/wp-json\/wp\/v2\/product\/16803"}],"collection":[{"href":"https:\/\/www.arcsolu.com\/index.php\/wp-json\/wp\/v2\/product"}],"about":[{"href":"https:\/\/www.arcsolu.com\/index.php\/wp-json\/wp\/v2\/types\/product"}],"replies":[{"embeddable":true,"href":"https:\/\/www.arcsolu.com\/index.php\/wp-json\/wp\/v2\/comments?post=16803"}],"wp:featuredmedia":[{"embeddable":true,"href":"https:\/\/www.arcsolu.com\/index.php\/wp-json\/wp\/v2\/media\/16997"}],"wp:attachment":[{"href":"https:\/\/www.arcsolu.com\/index.php\/wp-json\/wp\/v2\/media?parent=16803"}],"curies":[{"name":"wp","href":"https:\/\/api.w.org\/{rel}","templated":true}]}}